e the remainder when 21 is divided by ((11/3 - -1) + -3)*q.
1
Calculate the remainder when 208 is divided by 6/(-144)*-8*327.
99
Let f(c) = -237*c - 7303. What is the remainder when f(-32) is divided by 18?
11
Let q(g) = -69*g + 4. Let y be q(-2). Let k = 134 - y. Let b = 74 + k. Calculate the remainder when b is divided by 17.
15
Suppose -2*a = -4*l - a + 245, -57 = -l - 4*a. Calculate the remainder when l is divided by (-8)/((-1872)/4966) - (-2)/(-9).
19
Suppose 0 = -7*b + 1964 - 1306. What is the remainder when 1878 is divided by b?
92
Let z(u) = u**2 + 10*u - 9. Let o be -22 + -20*(-18)/45. Calculate the remainder when 95 is divided by z(o).
1
Suppose -9*n = -4504 + 3658. What is the remainder when 835 is divided by n?
83
Let f = -711 - -675. Calculate the remainder when 2*2*(-711)/f is divided by 27.
25
Let j(m) = -4*m - 31. Let w be j(-9). Let h(p) = p**3 - 3*p**2 + 3*p - 9. Let l be h(w). Let d = -11 + l. Calculate the remainder when 87 is divided by d.
42
Let s(z) = z**3 - 6*z**2 - 12*z + 12. Let h be s(8). Calculate the remainder when 113 is divided by 6*1 - (-57 + h).
18
Let a(g) = -275*g + 7039. Calculate the remainder when a(25) is divided by 159.
5
Suppose -17125*g + 5038 = -17114*g. Calculate the remainder when g is divided by 20.
18
Let v be 303/4 - (-29)/116. Suppose 4*q + 4*h - v = 0, 4*h = q - 5 + 1. Calculate the remainder when 77 is divided by q.
13
Suppose 68*t = 100*t - 512. Let k = -25 - -565. Calculate the remainder when k is divided by t.
12
Let h = -1329 - -1921. What is the remainder when h is divided by 27?
25
Let u be -1*((-22)/(-66))/((-1)/3). Calculate the remainder when (-8)/(-24) + u + 2204/12 is divided by 52.
29
Let m be -1 - 0 - (6 + 438)/(-4). Let v = m + 49. Calculate the remainder when v is divided by 42.
33
Suppose -24 = -5*h + h. Let b be (-16)/h*-2*15/20. Suppose -3*c + b*w = -6*c + 108, 4*c - 151 = -3*w. Calculate the remainder when c is divided by 14.
12
Let u(c) = -266*c**3 - c**2 + 9*c + 11. What is the remainder when u(-1) is divided by 41?
21
Let j = 6729 + -6168. Calculate the remainder when j is divided by 412.
149
Let t(z) = 10*z - 144. Calculate the remainder when 125 is divided by t(19).
33
Calculate the remainder when 14347 is divided by (-68)/14*(-176)/88*14/4.
33
Suppose 159*u + 3*o = 156*u + 6, 0 = -2*o. What is the remainder when 120 is divided by u?
0
Let h be 4*(-9)/(-12) - (4 + -19). Let a(j) = -j**3 + 20*j**2 - 35*j - 5. What is the remainder when 23 is divided by a(h)?
10
Let f be (-1 - 2 - -5)*-27. What is the remainder when (f/(-8))/((-6)/(-24)) is divided by ((-30)/6)/((-2)/2)?
2
Let i = 1382 - 1348. What is the remainder when 210 is divided by i?
6
Let t = -7272 + 8677. Calculate the remainder when t is divided by 37.
36
Let c(y) = 2*y**3 - 2*y**2 - 8*y + 1. Let u be c(3). Suppose -3*w + 4*n = -35, -5*w - n = -30 - u. Calculate the remainder when 80 is divided by w.
8
Let v(i) = -i**2 + 171*i - 1540. Suppose 5*r + p + 0 - 9 = 0, 0 = -4*r - 3*p + 16. Calculate the remainder when v(161) is divided by 26*r - (1 + 0).
20
Let v(o) = -11*o**2 + 11*o + 31. Let c be v(-5). Let s = -62 - c. What is the remainder when s is divided by 24?
21
Suppose 2*t + 4*f - 26 = 0, -4*t + 94 = 3*f - f. What is the remainder when 1526 is divided by t?
14
Suppose 4*c = 20*c + 192. Let a = 15 + c. Suppose -a*h - t = -3*t - 47, -29 = -h - 2*t. What is the remainder when 169 is divided by h?
17
Let f(s) = 15*s - 46. Let o = -10 - -16. Suppose 17*a - 92 = 13*a. What is the remainder when f(o) is divided by a?
21
Suppose -3*d = -5*n - 75398, -11*n + 6*n = 5*d - 125650. Calculate the remainder when d is divided by 213.
210
Let p = 384 - 372. What is the remainder when 107 is divided by ((-81)/p)/((-4)/32) - -1?
52
Suppose -3636 = -17*y + 19*y. Calculate the remainder when 24/60 - y/5 is divided by 16.
12
Calculate the remainder when 84 is divided by 185/111*(3 - (-72)/10).
16
Let g = -14079 - -14540. What is the remainder when 958 is divided by g?
36
Suppose -118*v + 504 = -109*v. Suppose 0 = 2*c + 3*p - v, -2*c + 56 = -p - 3*p. Suppose z + 3 = 11. What is the remainder when c is divided by z?
4
Let l = -27271 - -27592. What is the remainder when 21181 is divided by l?
316
Let i = -5790 - -5798. What is the remainder when 1550 is divided by i?
6
Suppose 16*s - 46350 = 7*s - 9*s. Calculate the remainder when s is divided by 86.
81
Suppose 0 = 4*u - 7 - 37. Let v = 5042 - 4647. Calculate the remainder when v is divided by u.
10
Let f be 15/(-20) - (-190)/8. Suppose 19*h = f*h - 256. Suppose 5*k = 5*q - 125, -5*q - 5*k - 12 = -107. What is the remainder when h is divided by q?
20
Suppose -49*h + 98213 = -2286. Calculate the remainder when h is divided by 54.
53
Let p(x) = -x**3 + 33*x**2 + 5*x - 27. Let l be p(33). Let f = 167 - l. Calculate the remainder when (-688)/2*(-2)/4 is divided by f.
27
Let q = 1961 + -1891. What is the remainder when 78 is divided by q?
8
Let p(r) = -2*r - 5. Suppose 60 = 7*a + 18. Suppose 3 = u + a. Calculate the remainder when 5 is divided by p(u).
0
Suppose -2*k = 60*z - 64*z - 2740, -5*k + 6865 = -5*z. What is the remainder when k is divided by 92?
88
Let q = 32 - 27. Calculate the remainder when 64 is divided by ((-47)/q - -9)/((-1)/85).
30
Suppose -212*u = 2*i - 208*u - 58, -4*u = -4*i + 116. Let k = -10 + 16. Calculate the remainder when i is divided by k.
5
Let w be (-15)/(-20) + 109/4. Let m be 3 + -5 + -1 + -18. Let p = m + w. What is the remainder when 13 is divided by p?
6
Let m be (8/(-6))/(4 + 84/(-18)). Calculate the remainder when 9/(-9)*(m - 237/3) is divided by 34.
9
Let b(v) = -704*v + 2273. What is the remainder when 290 is divided by b(3)?
129
Let j(y) = 3*y**2 - y - 196. What is the remainder when 534 is divided by j(-11)?
0
Suppose -4*p + 3*h + 48 = 0, 6*p - 5*p - 12 = -5*h. Suppose m - 112 = -p. What is the remainder when m is divided by 32?
4
Let n be 5/(-20) + (-970)/(-8). Suppose j - 6*f = -2*f + n, -2*f = -2*j + 212. What is the remainder when j is divided by 26?
23
Let v = 6324 - 6142. What is the remainder when v is divided by 74?
34
Suppose -104*c + 83*c + 987 = 0. Suppose 44*k = c*k - 51. What is the remainder when 915 is divided by k?
14
Suppose -42 = f + 78. Let j = 197 + f. Let l(d) = -2*d**2 + 29*d + 35. Calculate the remainder when j is divided by l(15).
17
Let m be (856/20)/(-3 - (-273)/90). Suppose -m*f = -1277*f - 5810. What is the remainder when f is divided by 52?
50
Suppose 3*j + 275 = 2*r + 4*j, 5*r + 5*j - 680 = 0. Let q = r - -67. What is the remainder when q is divided by 11?
8
Let s be (-540)/(-72)*2/5. Suppose a - s*t - 6 = 0, 4*t = 4*a - 34 + 10. Calculate the remainder when 45 is divided by a.
3
Let p be (345/(-30))/((-1)/2). Let u(x) = 12 - 3909*x**2 + p*x + 2*x**3 - x**3 + 3925*x**2. Calculate the remainder when u(-14) is divided by 17.
14
Let w(g) = g**2 + 3*g + 2. Let d be w(-5). Let z be (-11)/(11/d)*-4. What is the remainder when 23 is divided by -4 + z/((-6)/(-2))?
11
Suppose 0*w + 5*t + 405 = 5*w, -w + 5*t = -97. Suppose w = 4*a - 35. Calculate the remainder when a is divided by (6/(-8))/((-4)/80).
13
Let z(a) = -7*a - a - 3*a + 2*a - 35. Calculate the remainder when z(-7) is divided by 6.
4
Let s be (-29)/(-261) - 682/(-18). Suppose -33*q = -s*q + 110. Calculate the remainder when q is divided by 8.
6
What is the remainder when ((-1089)/(-44) - 1/(-4))*10036/260 is divided by 65?
55
What is the remainder when 6777 is divided by (9/(-3) - 7)/7*(-58 + 37)?
27
Calculate the remainder when 1341 is divided by 9 + (4 - 5) + 229 + -15.
9
Suppose 40*h + 306 = 53*h - 279. Calculate the remainder when 4499 is divided by h.
44
Let j = 230 + -109. Let m = j + -79. What is the remainder when m is divided by 18?
6
Let b = -5 + 21. Suppose -11*a - 35 = 31. What is the remainder when (15/9)/(a/1026*-3) is divided by b?
15
Let o(c) = c**3 + 22*c**2 + 20*c - 2. Suppose 5*k - 5*y + 105 = 0, 0*k + 3*k - y + 63 = 0. What is the remainder when 263 is divided by o(k)?
16
Let a(j) = -7*j + 4. Calculate the remainder when a(-4) is divided by ((-981)/(-45) - 11)*90/36.
5
Let g = 10275 + -9407. What is the remainder when g is divided by 143?
10
Let j = -297 - -225. Calculate the remainder when (-6)/(2/(-3) + 0) is divided by 4/9 - (4592/j)/14.
4
Su